 1661135580.
2, 3, 5, 13, 43, 5503
What are the prime factors of 912091674?
2, 3, 13, 11693483
What are the prime factors of 517567041?
3, 31, 173, 10723
What are the prime factors of 1327320579?
3, 13, 34033861
What are the prime factors of 1773659949?
3, 421, 1404323
List the prime factors of 1046249451.
3, 13, 179, 49957
List the prime factors of 186885509.
59, 3167551
What are the prime factors of 150853524?
2, 3, 12571127
List the prime factors of 579768711.
3, 109, 1772993
What are the prime factors of 38059997?
191, 199267
List the prime factors of 5160290866.
2, 2580145433
List the prime factors of 765526837.
73, 143653
What are the prime factors of 139185155?
5, 53, 683, 769
What are the prime factors of 39237946?
2, 11, 1783543
List the prime factors of 22812284.
2, 11, 499, 1039
What are the prime factors of 228068754?
2, 3, 38011459
List the prime factors of 922611035.
5, 184522207
List the prime factors of 1615200538.
2, 7, 509, 226663
What are the prime factors of 26791481?
23, 563, 2069
List the prime factors of 193070964.
2, 3, 16089247
What are the prime factors of 80822887?
379, 213253
What are the prime factors of 175353725?
5, 17, 23, 17939
List the prime factors of 63851500.
2, 5, 127703
List the prime factors of 57227677.
13, 19, 41, 5651
List the prime factors of 869036769.
3, 3576283
What are the prime factors of 61480662?
2, 3, 10246777
List the prime factors of 946281550.
2, 5, 47, 281, 1433
What are the prime factors of 262712904?
2, 3, 10946371
What are the prime factors of 831288119?
831288119
What are the prime factors of 92329915?
5, 2903, 6361
List the prime factors of 243914434.
2, 37, 709, 4649
What are the prime factors of 2802377266?
2, 13, 313, 26489
What are the prime factors of 122577284?
2, 19, 1612859
What are the prime factors of 63494227?
47, 139, 9719
What are the prime factors of 456903023?
456903023
What are the prime factors of 139285315?
5, 13, 71, 30181
List the prime factors of 18388552.
2, 7, 13, 29, 67
List the prime factors of 400212639.
3, 44468071
What are the prime factors of 173307887?
31, 229, 24413
List the prime factors of 1511205984.
2, 3, 23, 25349
List the prime factors of 1145454030.
2, 3, 5, 7, 31, 89, 659
List the prime factors of 357500779.
357500779
What are the prime factors of 3674074642?
2, 7, 262433903
List the prime factors of 121518070.
2, 5, 467, 26021
List the prime factors of 75264381.
3, 1153, 7253
What are the prime factors of 32945368?
2, 61, 67511
What are the prime factors of 43058754?
2, 3, 281, 8513
List the prime factors of 1137915117.
3, 126435013
What are the prime factors of 89388289?
89388289
List the prime factors of 2962520950.
2, 5, 5303, 11173
List the prime factors of 9167578.
2, 7, 654827
What are the prime factors of 381846693?
3, 127282231
List the prime factors of 1048871585.
5, 163, 1286959
List the prime factors of 26703672.
2, 3, 1112653
List the prime factors of 7531311081.
3, 7, 997, 359713
List the prime factors of 60319477.
60319477
List the prime factors of 42100783.
37, 1137859
What are the prime factors of 30779255?
5, 13, 473527
What are the prime factors of 4729562?
2, 37, 63913
What are the prime factors of 1560774400?
2, 5, 243871
List the prime factors of 114106023.
3, 17, 248597
What are the prime factors of 5036784467?
11, 13, 23, 29, 52807
What are the prime factors of 5357609?
5357609
What are the prime factors of 1091516308?
2, 272879077
List the prime factors of 670543476.
2, 3, 61, 379, 2417
What are the prime factors of 4888999666?
2, 2444499833
What are the prime factors of 2545477588?
2, 73, 8717389
List the prime factors of 223745525.
5, 179, 49999
What are the prime factors of 8614933?
89, 96797
What are the prime factors of 4409421849?
3, 7, 9998689
What are the prime factors of 18246637?
83, 219839
What are the prime factors of 1862301982?
2, 37, 1019, 24697
What are the prime factors of 360072602?
2, 180036301
What are the prime factors of 74996746?
2, 11, 3408943
What are the prime factors of 438664537?
103, 4258879
List the prime factors of 38059213.
38059213
List the prime factors of 5781882884.
2, 233, 463, 13399
List the prime factors of 1676832090.
2, 3, 5, 89, 659, 953
List the prime factors of 57257865.
3, 5, 7, 67, 2713
What are the prime factors of 2982494921?
7, 43, 9908621
What are the prime factors of 9485854?
2, 7, 677561
What are the prime factors of 1195246423?
7, 101, 439, 3851
What are the prime factors of 1346862681?
3, 23, 2168861
List the prime factors of 38848394.
2, 13, 31, 157, 307
List the prime factors of 697076154.
2, 3, 71, 545443
What are the prime factors of 604270020?
2, 3, 5, 379, 26573
What are the prime factors of 5993768979?
3, 11, 60543121
What are the prime factors of 464624401?
464624401
What are the prime factors of 1263554677?
7, 11, 79, 207719
What are the prime factors of 2707461?
3, 283, 1063
List the prime factors of 1102569686.
2, 151, 787, 4639
What are the prime factors of 2223879959?
7, 23, 13812919
List the prime factors of 520574413.
31, 16792723
What are the prime factors of 1591545597?
3, 103, 5150633
What are the prime factors of 1266518300?
2, 5, 12665183
What are the prime factors of 80645648?
2, 53, 95101
What are the prime factors of 4255654450?
2, 5, 41, 2075929
List the prime factors of 3197890478.
2, 43, 37184773
What are the prime factors of 673335088?
2, 4241, 9923
What are the prime factors of 8746690108?
2, 13, 168205579
What are the prime factors of 1090481936?
2, 68155121
List the prime factors of 3143731651.
1657, 1897243
List the prime factors of 2333597051.
2333597051
What are the prime factors of 1263230?
2, 5, 126323
List the prime factors of 67164357.
3, 13, 1722163
What are the prime factors of 1612290817?
59, 61, 447983
What are the prime factors of 116433335?
5, 47, 495461
List the prime factors of 133118591.
9341, 14251
List the prime factors of 7029214.
2, 23, 152809
List the prime factors of 985424995.
5, 23, 8568913
List the prime factors of 3814782304.
2, 19, 330227
What are the prime factors of 145961028?
2, 3, 109, 4133
What are the prime factors of 2240787093?
3, 317, 379, 6217
List the prime factors of 4256745123.
3, 19, 74679739
List the prime factors of 39840858.
2, 3, 2213381
List the prime factors of 709147640.
2, 5, 19, 331, 2819
What are the prime factors of 12905513?
2837, 4549
What are the prime factors of 454408974?
2, 3, 31, 271451
What are the prime factors of 98651648?
2, 19, 10141
What are the prime factors of 2003014235?
5, 131, 3058037
List the prime factors of 1303689246.
2, 3, 217281541
What are the prime factors of 80842618?
2, 40421309
What are the prime factors of 4743697117?
4743697117
What are the prime factors of 98758236?
2, 3, 17, 28477
List the prime factors of 80176200.
2, 3, 5, 13, 19, 541
List the prime factors of 833619545.
5, 11, 15156719
What are the prime factors of 80455668?
2, 3, 349, 19211
List the prime factors of 73518031.
73518031
What are the prime factors of 28087796?
2, 11, 638359
What are the prime factors of 2755587096?
2, 3, 131, 463, 631
What are the prime factors of 722327461?
722327461
List the prime factors of 1471894596.
2, 3, 40885961
List the prime factors of 68912824.
2, 113, 76231
What are the prime factors of 21538974?
2, 3, 467, 7687
What are the prime factors of 202396829?
29, 43, 101, 1607
What are the prime factors of 3938641585?
5, 23893, 32969
List the prime factors of 1245458097.
3, 13, 17, 626173
List the prime factors of 372880472.
2, 19, 59, 41579
List the prime factors of 1334066691.
3, 107, 239, 17389
What are the prime factors of 613948672?
2, 19, 126223
What are the prime factors of 175960450?
2, 5, 3519209
What are the prime factors of 489098907?
3, 11, 71, 149, 467
List the prime factors of 783057279.
3, 19, 13737847
What are the prime factors of 41880461?
7, 277, 21599
What are the prime factors of 71472983?
23, 233, 13337
List the prime factors of 55364457.
3, 103, 179173
List the prime factors of 1035335.
5, 7, 29581
What are the prime factors of 1030275612?
2, 3, 3179863
List the prime factors of 102217996.
2, 2243, 11393
List the prime factors of 1402479932.
2, 7, 97, 516377
What are the prime factors of 7202670493?
7202670493
What are the prime factors of